 149 is divided by 80.
69
What is the remainder when 605 is divided by 87?
83
Calculate the remainder when 17 is divided by 4.
1
What is the remainder when 117 is divided by 31?
24
What is the remainder when 388 is divided by 131?
126
What is the remainder when 24191 is divided by 112?
111
What is the remainder when 371 is divided by 13?
7
Calculate the remainder when 41305 is divided by 92.
89
Calculate the remainder when 2999 is divided by 31.
23
Calculate the remainder when 1789 is divided by 10.
9
What is the remainder when 58 is divided by 35?
23
Calculate the remainder when 614 is divided by 310.
304
What is the remainder when 1761 is divided by 18?
15
What is the remainder when 654 is divided by 44?
38
Calculate the remainder when 160 is divided by 56.
48
Calculate the remainder when 645 is divided by 130.
125
Calculate the remainder when 4215 is divided by 124.
123
Calculate the remainder when 745 is divided by 47.
40
What is the remainder when 179 is divided by 42?
11
Calculate the remainder when 75 is divided by 16.
11
What is the remainder when 8046 is divided by 14?
10
Calculate the remainder when 80 is divided by 48.
32
Calculate the remainder when 420 is divided by 83.
5
What is the remainder when 319 is divided by 5?
4
Calculate the remainder when 1244 is divided by 15.
14
What is the remainder when 48 is divided by 26?
22
Calculate the remainder when 107 is divided by 7.
2
What is the remainder when 222 is divided by 57?
51
Calculate the remainder when 220 is divided by 37.
35
What is the remainder when 14041 is divided by 59?
58
Calculate the remainder when 147 is divided by 50.
47
Calculate the remainder when 189 is divided by 40.
29
What is the remainder when 275 is divided by 10?
5
What is the remainder when 288 is divided by 5?
3
What is the remainder when 225 is divided by 88?
49
What is the remainder when 209 is divided by 60?
29
What is the remainder when 42954 is divided by 129?
126
Calculate the remainder when 4013 is divided by 13.
9
What is the remainder when 127 is divided by 63?
1
What is the remainder when 2318 is divided by 16?
14
What is the remainder when 453 is divided by 117?
102
Calculate the remainder when 2548 is divided by 23.
18
Calculate the remainder when 351 is divided by 120.
111
What is the remainder when 824 is divided by 165?
164
What is the remainder when 64 is divided by 20?
4
Calculate the remainder when 1683 is divided by 825.
33
Calculate the remainder when 110 is divided by 63.
47
Calculate the remainder when 69 is divided by 8.
5
Calculate the remainder when 229 is divided by 61.
46
What is the remainder when 262 is divided by 176?
86
What is the remainder when 203 is divided by 34?
33
Calculate the remainder when 421 is divided by 140.
1
Calculate the remainder when 11746 is divided by 11.
9
Calculate the remainder when 1667 is divided by 3.
2
Calculate the remainder when 441 is divided by 82.
31
What is the remainder when 18 is divided by 3?
0
What is the remainder when 667 is divided by 10?
7
What is the remainder when 5851 is divided by 38?
37
What is the remainder when 702 is divided by 113?
24
What is the remainder when 160 is divided by 6?
4
What is the remainder when 226 is divided by 216?
10
Calculate the remainder when 346 is divided by 39.
34
What is the remainder when 152 is divided by 34?
16
What is the remainder when 1017 is divided by 85?
82
Calculate the remainder when 53 is divided by 17.
2
Calculate the remainder when 172 is divided by 22.
18
Calculate the remainder when 59 is divided by 46.
13
What is the remainder when 200 is divided by 17?
13
Calculate the remainder when 438 is divided by 72.
6
What is the remainder when 119 is divided by 80?
39
What is the remainder when 218 is divided by 77?
64
Calculate the remainder when 41 is divided by 2.
1
Calculate the remainder when 1089 is divided by 14.
11
What is the remainder when 874 is divided by 291?
1
Calculate the remainder when 114 is divided by 39.
36
Calculate the remainder when 69 is divided by 38.
31
Calculate the remainder when 895 is divided by 22.
15
Calculate the remainder when 38 is divided by 21.
17
Calculate the remainder when 50 is divided by 23.
4
Calculate the remainder when 167 is divided by 54.
5
Calculate the remainder when 1350 is divided by 103.
11
What is the remainder when 6270 is divided by 32?
30
Calculate the remainder when 184 is divided by 28.
16
What is the remainder when 192 is divided by 40?
32
Calculate the remainder when 417 is divided by 5.
2
Calculate the remainder when 837 is divided by 70.
67
What is the remainder when 109 is divided by 41?
27
Calculate the remainder when 22 is divided by 9.
4
Calculate the remainder when 8458 is divided by 47.
45
What is the remainder when 352 is divided by 130?
92
Calculate the remainder when 2937 is divided by 10.
7
What is the remainder when 536 is divided by 2?
0
What is the remainder when 387 is divided by 27?
9
Calculate the remainder when 1815 is divided by 33.
0
What is the remainder when 151 is divided by 26?
21
Calculate the remainder when 419 is divided by 70.
69
Calculate the remainder when 519 is divided by 13.
12
What is the remainder when 98 is divided by 25?
23
What is the remainder when 1581 is divided by 16?
13
What is the remainder when 5771 is divided by 24?
11
Calculate the remainder when 116 is divided by 59.
57
What is the remainder when 3282 is divided by 13?
6
Calculate the remainder when 149 is divided by 8.
5
Calculate the remainder when 293 is divided by 147.
146
Calculate the remainder when 36 is divided by 4.
0
What is the remainder when 799 is divided by 80?
79
What is the remainder when 6124 is divided by 120?
4
What is the remainder when 607 is divided by 217?
173
Calculate the remainder when 44 is divided by 29.
15
What is the remainder when 8303 is divided by 4144?
15
What is the remainder when 308 is divided by 62?
60
What is the remainder when 175 is divided by 33?
10
Calculate the remainder when 132 is divided by 53.
26
What is the remainder when 24797 is divided by 248?
245
What is the remainder when 318 is divided by 8?
6
Calculate the remainder when 2395 is divided by 190.
115
What is the remainder when 365 is divided by 70?
15
Calculate the remainder when 2911 is divided by 9.
4
Calculate the remainder when 1788 is divided by 249.
45
What is the remainder when 4407 is divided by 232?
231
Calculate the remainder when 3344 is divided by 14.
12
What is the remainder when 21331 is divided by 39?
37
Calculate the remainder when 92 is divided by 19.
16
What is the remainder when 316 is divided by 44?
8
Calculate the remainder when 339 is divided by 43.
38
What is the remainder when 1310 is divided by 130?
10
Calculate the remainder when 127 is divided by 32.
31
What is the remainder when 726 is divided by 583?
143
What is the remainder when 466 is divided by 103?
54
Calculate the remainder when 596 is divided by 10.
6
Calculate the remainder when 1366 is divided by 321.
82
Calculate the remainder when 5719 is divided by 229.
223
Calculate the remainder when 219 is divided by 84.
51
What is the remainder when 157 is divided by 10?
7
Calculate the remainder when 476 is divided by 80.
76
What is the remainder when 869 is divided by 88?
77
What is the remainder when 4519 is divided by 19?
16
What is the remainder when 112 is divided by 4?
0
What is the remainder when 228 is divided by 100?
28
Calculate the remainder when 257 is divided by 78.
23
What is the remainder when 374 is divided by 41?
5
Calculate the remainder when 1030 is divided by 92.
18
Calculate the remainder when 594 is divided by 47.
30
What is the remainder when 33 is divided by 14?
5
What is the remainder when 630 is divided by 41?
15
What is the remainder when 317 is divided by 120?
77
What is the remainder when 460 is divided by 124?
88
Calculate the remainder when 4834 is divided by 46.
4
What is the remainder when 203 is divided by 104?
99
What is the remainder when 891 is divided by 32?
27
Calculate the remainder when 555 is divided by 64.
43
What is the remainder when 645 is divided by 81?
78
What is the remainder when 138 is divided by 61?
16
What is the remainder when 660 is divided by 19?
14
What is the remainder when 7279 is divided b